3*d, -4*o = -l*d - 132. What is the remainder when -3 + (4 + -2 - -215) is divided by o?
28
Let o(d) = d**2 + 92*d - 2680. Calculate the remainder when 518 is divided by o(-116).
102
Suppose 20 = -4*w, 0 = 5*u + 7*w - 6*w - 200. What is the remainder when 854 is divided by u?
34
Let y(l) = -l**3 + l + l + 2*l + 3*l**2. What is the remainder when (22/7)/((-108)/(-21) + -5) is divided by y(3)?
10
Suppose -1037*t + 5248 = -1005*t. What is the remainder when 1481 is divided by t?
5
Let p = 234 + -228. Calculate the remainder when 29 is divided by 15*(34/(-306))/((-2)/p).
4
Let a be ((-5)/(-15) + (-1564)/12)*-2. Suppose 5*k = 15*k - a. What is the remainder when 43 is divided by k?
17
Suppose 0 = -17*r - 38262 + 58730. What is the remainder when r is divided by 55?
49
Let r = 22984 - 22937. Calculate the remainder when 51 is divided by r.
4
What is the remainder when 1327 is divided by (-48)/160 + (-1815)/(-50)?
31
Let z = 121 + -118. Suppose 0 = z*d - 4*l - 280, 0*l + 394 = 4*d + 5*l. Calculate the remainder when d is divided by 5.
1
Let d(j) = -4*j**2 - 83*j - 46. Let g be d(-18). Suppose -4*x = s + 4*s - 304, 3*s = -4*x + 296. Calculate the remainder when x is divided by (-2)/3 - g/(-12).
11
Let c(w) = -7*w - 12. Suppose -6*j + 25 = -j. Suppose 9*m = j*m + 244. Calculate the remainder when m is divided by c(-4).
13
Suppose -13*f - 480 = -28*f. Calculate the remainder when 88 is divided by f.
24
Let h(j) = -7*j + 20. Let i = 37 + -48. Let m(u) = -13*u + 39. Let q(b) = i*h(b) + 6*m(b). Calculate the remainder when q(-21) is divided by 18.
17
Let c be -7 - (-248)/40 - 14/(-5). Suppose -c*q + 2*h + 26 = 0, 2*h = 5*h + 9. Suppose 0 = -2*o + 10 + 4. What is the remainder when q is divided by o?
3
Suppose 23*a + 19 = -4. Calculate the remainder when (-4 - 63/14)/(a/2) is divided by 15.
2
Let w(t) = 3 + 22*t + 3*t + t**3 + 13*t**2 - 6*t. Let f be w(-11). Suppose 3*r - f = -6*r. Calculate the remainder when 23 is divided by r.
3
Suppose 13*h + 150 - 417 = 357. Calculate the remainder when 431 is divided by h.
47
Let i(c) = -6*c**3 + 2*c**2 - 2*c - 3. Let g be i(2). Let k = g - -59. What is the remainder when k is divided by -6*3/6 - -8?
2
Let y(n) be the third derivative of -n**5/60 - 3*n**4/8 - 7*n**3/3 + 10*n**2 - 2*n. Calculate the remainder when 25 is divided by y(-6).
1
Suppose 310 = 3*y + 5*w, -w - 510 = -5*y - 6*w. Let h = -496 + 532. What is the remainder when y is divided by h?
28
Suppose t + 39*m - 173 = 43*m, 5*m = 0. What is the remainder when 537 is divided by t?
18
Suppose 2*q + 5*c - 149 = -14, c + 325 = 4*q. Let s be 8 + 4 - (0/(-1))/(-2). Suppose -4*x - s = -80. Calculate the remainder when q is divided by x.
12
Let r = -1687 + 2038. What is the remainder when r is divided by 26?
13
Let d = 14 + -10. Calculate the remainder when d*2/(4/26) is divided by 21.
10
Let v = 14179 - 13066. Calculate the remainder when v is divided by 66.
57
Suppose -3*v = 354 - 144. Calculate the remainder when 5/(v/(-7))*(-702)/(-3) is divided by 15.
12
Suppose 0 = 2493*j - 2482*j - 341. Let u(p) = p**3 + 6*p**2 + 4*p - 7. Let m be u(-5). Calculate the remainder when j is divided by -8*(1 + m/1).
7
Suppose -u - 6*s + 172 = 5*s, 0 = 3*u + s - 580. Calculate the remainder when u is divided by 1/(3/198 - 0).
62
Suppose 5*d = -4*g + 6, -6*d = -2*d + 2*g. Let t be (-124)/8*d - 1. Suppose 2*w = -k + 2 + 17, 2*w = -2*k + t. What is the remainder when k is divided by 4?
3
Suppose 7*p + 2*g + 41 = 106, 4*g - 40 = -4*p. Suppose q - 9 = -4*w, -q = w - 1 - 5. What is the remainder when (1 - 3)/(w/(-31)) is divided by p?
8
Let s = -102 - -113. Let c(a) = -a**3 + 12*a**2 - 9*a - 4. What is the remainder when 66 is divided by c(s)?
12
Calculate the remainder when (-5)/(-15) + (-218)/(-3) is divided by -36*8/(-64)*(-11)/((-22)/8).
1
Let n = -14331 + 14749. Calculate the remainder when n is divided by 84.
82
Suppose -10*p = 84 + 46. Let l(y) = y**2 + 11*y - 18. Let r be l(p). Suppose -114 = -r*t + 5*t. What is the remainder when 148 is divided by t?
34
Let l = 0 + 4. Let x(w) = 4*w**2 - 4*w + 4. Let r be x(l). Suppose -2*j = 2*j - r. What is the remainder when j is divided by 10?
3
Suppose -28*z - 286 + 1686 = 0. What is the remainder when 298 is divided by z?
48
Let k = 13033 + -12745. What is the remainder when k is divided by 97?
94
Suppose 20*y - 196 - 584 = 0. Suppose 14*k - 45 = y. What is the remainder when 15 is divided by k?
3
Let j(p) = -16*p + 9. Let b be j(-11). Let l = -715 + b. Calculate the remainder when 96 is divided by 4/(-32) + l/(-16).
30
Let v = 3184 + -3164. What is the remainder when -7*(-2 + (-1920)/35) is divided by v?
18
Let v(d) = -25*d - 1283. What is the remainder when 2311 is divided by v(-52)?
16
Suppose -55*v + 38*v = -1632. Suppose h = 9 + 26. Calculate the remainder when v is divided by h.
26
Let x(h) = 21*h + 41. Let m be x(-2). Calculate the remainder when 15 is divided by 7 - (m + 14 + -8).
1
Suppose p + d - 683 + 28 = 0, d - 2623 = -4*p. Suppose -3*q + 231 = 2*k, 5*q - p + 271 = -4*k. Calculate the remainder when q is divided by 20.
17
Suppose 5*b - 9 - 6 = 0, -2*g - 3*b + 65 = 0. Suppose -g = -3*c + 80. Calculate the remainder when 102 is divided by c.
30
Let h be (-8)/6 + 76/12. Suppose 560 = 5*v + h*y, -v + 3*v - y = 218. Let q(o) = 2*o**3 + 54*o**2 - 4*o - 80. What is the remainder when v is divided by q(-27)?
26
Suppose -43892 + 14318 = -62*r. Calculate the remainder when r is divided by 16.
13
Let c = -32 - -6. Calculate the remainder when ((-6)/(-4))/((-1)/c) is divided by (12 + -5)/((26 + -14)/((-8)/(-2) + 8)).
4
Let g(c) = 2*c**2 + 5*c + 9. Suppose -4 = d - 5, -5*y = d - 31. Suppose 3*v + 6 + y = 0. Calculate the remainder when g(v) is divided by 4.
1
Let v(q) = q**2 + 15*q + 59. Let z be v(-6). Calculate the remainder when (-33)/(z + -16)*(-4)/(-6) is divided by 1.
0
Calculate the remainder when 232 is divided by (40 + 6)/((-48)/(-72)).
25
Suppose -3*i + 17512 = 5*c, 451*c = 453*c + 5*i - 7001. What is the remainder when c is divided by 100?
3
Let d(q) = -5*q + 38. Let l be d(7). Suppose -l*k = -6*k + 123. What is the remainder when 161 is divided by k?
38
Let x = -7 + 42. Suppose 5*l + 2*f = 4*f + 68, 0 = -4*l + f + 52. Suppose -q + 3 + 3 = -4*y, 2*y + l = 2*q. Calculate the remainder when x is divided by q.
5
Let n be ((-8)/6)/(1/(-6)). Suppose -5*r + 78 = n. Calculate the remainder when (-4)/30 - ((-26512)/480 + (-2)/(-20)) is divided by r.
13
Let h(m) = m**3 + 6*m**2 - 9*m - 7. Suppose -3*w - 7 = 14. What is the remainder when 15/(-35) + 6/(252/1362) + 0 is divided by h(w)?
4
Suppose 3*t = 555*p - 559*p + 5853, -2*p + 5835 = 3*t. Calculate the remainder when t is divided by 139.
132
Suppose -16*h + 3 = -15*h. Suppose 5*l = -q + 2, -3*q - 4*l + 48 = -h*l. What is the remainder when 62 is divided by q?
11
Suppose 0 = 5*g - 2*w - 355, 0 = -5*g - 0*w - 3*w + 330. Calculate the remainder when 476 is divided by g.
62
Let t(l) = 1 + 3 + 2*l**3 - l + 5*l**2 - 3*l**3 - 6. Let v be (-2)/((-2)/(-2)*-1). Calculate the remainder when 20 is divided by t(v).
4
Let p = 578 - 471. Suppose -6*k - 6*k + 468 = 0. What is the remainder when p is divided by k?
29
Suppose 27*n = 28*n + 39. Let i be (-3 + n)/((0 + 1)/(-1)). Let r = -19 + i. Calculate the remainder when 66 is divided by r.
20
Let z = -21391 - -21621. Calculate the remainder when 1142 is divided by z.
222
Suppose -1132 = -2*p + 5*u, 5*p - 5*u = 1961 + 914. Calculate the remainder when 1175 is divided by p.
13
Let i be (-3)/(-12) - (171/12 + -4). Let u(w) = 5*w - 8. What is the remainder when ((-4)/(-14))/(i/(-1610)) is divided by u(4)?
10
Let v be (-5484)/10 + (-20)/((-1100)/(-33)). Let d = v - -612. What is the remainder when 140 is divided by d?
14
Let n(h) = h**3 + 11*h**2 - 5*h - 2. What is the remainder when n(-3) is divided by 26?
7
What is the remainder when 1406 is divided by -7 + (-825)/(-105) + (-3838)/(-14)?
31
Suppose -44 = -i + 4*p, -4*i - 4*p + 340 = i. Let x = 67 - i. Suppose -2*o - 137 = -3*d, -162 = -x*d - 2*o - o. Calculate the remainder when d is divided by 19.
11
What is the remainder when 2311 is divided by (-4 - 16)/((-1419)/602 + (-2)/14)?
7
Let z be (-79 - -2)*24/(-28). Suppose -5*n + 61 = 4*c, -2*n + c = 3*n - z. What is the remainder when 218 is divided 